/(-1160))?
3
Suppose 5*m - m = -2*m. Suppose m = -7*h - h - 256. Let v = h - -36. What is the remainder when 29 is divided by v?
1
Let o(u) = u**2 + 29*u + 76. Calculate the remainder when o(-47) is divided by 307.
1
Let q(i) = -2*i**2 - 17*i - 19. Let b be q(-12). Let c = 138 + -233. Let u = c - b. What is the remainder when 10 is divided by u?
2
Suppose -1836*q = -1826*q + 440. Suppose -4*g - 55 - 53 = 0. Let v = g - q. Calculate the remainder when v is divided by 6.
5
Let m = 759 + -512. What is the remainder when m is divided by (-2)/4*(-650)/13?
22
Let j(v) = -9*v**3 + 34*v**2 + 3*v - 28. Calculate the remainder when j(-8) is divided by 15.
12
Let s be (1/3)/((-5)/(-1215)). Let l = -57 + s. What is the remainder when 143 is divided by l?
23
Let i be -72 - (8/4 - 4). Let j(h) = h**3 - 2*h**2 + h - 6. Let x be j(3). What is the remainder when 108 is divided by (-4)/x - (i/6 + 1)?
8
Let o(i) = -i**2 - 7*i + 10. Let h be o(-10). Let m be 5/(h/(-12))*20. Suppose g = 6*g - m. Calculate the remainder when 21 is divided by g.
9
Suppose -4*j = -1139 - 121. Suppose 341 = d + 2*q, 12*q + 12 = 15*q. Suppose 9*c = d + j. Calculate the remainder when c is divided by 15.
12
Let i(h) be the second derivative of h**4/12 + 5*h**3/2 - 19*h**2/2 - 11*h. Suppose -24 + 7 = t. What is the remainder when 72 is divided by i(t)?
12
Suppose -146*k + 1519 = -145*k - 4*x, k - 1456 = -5*x. Calculate the remainder when 1502 is divided by k.
11
Let i = -5414 + 5846. What is the remainder when i is divided by 62?
60
Let t = -307 + 617. Suppose 0 = 5*n - t - 90. Calculate the remainder when n is divided by 28.
24
Suppose -1980 = 104*n - 122*n. What is the remainder when n is divided by 1?
0
Let p(z) = -41*z**2 - 77*z - 8. Let s(a) = 81*a**2 + 155*a + 14. Let r(f) = 7*p(f) + 4*s(f). What is the remainder when r(-3) is divided by 48?
42
What is the remainder when 12/9 + 42425/75 is divided by 148?
123
Let y(k) = 114*k**2 + 65*k + 64. Calculate the remainder when y(-1) is divided by 27.
5
Suppose 2*r = -2*d - 0*d - 26, 3*r - 3*d = -39. Let o(f) = f**3 + 13*f**2 - f + 7. What is the remainder when 36 is divided by o(r)?
16
Let o be (-20 - -19)*-6*1. What is the remainder when -342*((-4)/o)/(28/14) is divided by 23?
22
Let t(c) = c**3 - 3*c**2 - 83*c + 441. What is the remainder when 1236 is divided by t(6)?
12
Let k(h) = -3*h - 28. Let w be (-45)/(-30)*(-44)/6. Let x = w + -3. Calculate the remainder when 81 is divided by k(x).
11
Let a(c) = -6*c**2 + 11*c + 15. Let z(d) = -d + 7. Let f be z(6). Suppose -f - 7 = -p. What is the remainder when a(0) is divided by p?
7
Let c be 90 - ((2 - -5) + -2). Suppose c*w - 66*w - 6232 = 0. What is the remainder when w is divided by 113?
102
What is the remainder when 412 is divided by 10*3/10 + 17?
12
Suppose -30 = -t - 5*o - 34, -o = 3*t - 86. Calculate the remainder when 5047 is divided by t.
25
Let u(s) = s**3 + 8*s**2 - 37*s - 40. Calculate the remainder when 169 is divided by u(-10).
39
Let l(r) = r**2 - r + 6. Suppose 2*h + 5*v + 12 = 0, 32 = 4*h - 20*v + 16*v. What is the remainder when 33 is divided by l(h)?
15
Let q = 171 - 144. Suppose -q*z - 547 = -6001. Calculate the remainder when z is divided by 17.
15
Let o = 473 - 464. Suppose 840 = 30*i - o*i. Calculate the remainder when 64 is divided by i.
24
Suppose u - 47 = -2*x, -2*u = 2*x - 25 - 17. Suppose -3*q + 26*q = 1035. Let k = q - x. Calculate the remainder when 36 is divided by k.
17
Let r = -263 + 324. Let z = -14 + r. What is the remainder when z is divided by 17?
13
Let r(o) = -o**3 - 13*o**2 - 51*o - 273. Calculate the remainder when 159 is divided by r(-11).
21
Let l be 1*1/(-2)*-10. Suppose 2*r + l*r - 189 = 0. Suppose 3*o - 2*o - 4*d - r = 0, 0 = -5*d - 15. What is the remainder when o is divided by 4?
3
Let o be ((-6)/(-3) - 3) + (6 - 9). Let c(d) = 11*d + 43. Let y be c(o). Let l(v) = -17*v + 2. Calculate the remainder when 54 is divided by l(y).
16
Suppose 5*c = -0*c - 2*f + 138, -f = -c + 22. What is the remainder when 304 is divided by c?
18
Let q be (-2)/(-1)*(19 + -15). Suppose 0 = 2*l - 12 - 14. Calculate the remainder when 34/q + (-18)/72 - -20 is divided by l.
11
Let y(c) = -42*c**3 - 14*c**2 - c + 7. What is the remainder when y(-4) is divided by 355?
345
Suppose 3*z - s = 20 + 37, s - 33 = -2*z. Suppose -101*j - 43*j = -288. Suppose j*i = -i + z. What is the remainder when 11 is divided by i?
5
Suppose -a - 5*r - 12 = 0, -r = 3*a - 6 - 0. Suppose 4*l = a*l + 94. Calculate the remainder when l is divided by 32.
30
Let w(q) = 32*q - 77. What is the remainder when w(12) is divided by (-2)/(-1) + 14 - (2/1 - 8)?
21
Let i be (196/14 - -6)*68/(-10). Let f = 232 + i. Calculate the remainder when 283 is divided by f.
91
Calculate the remainder when (-1491 + -2)*(-3 - (-1 + -1)) is divided by 75.
68
Let j be ((-14)/(-4))/(-7)*(1 + -1). Suppose j = -0*l + l + 6. What is the remainder when 4*(87/18 + (-4)/l) is divided by 5?
2
Let s(b) = 506*b - 3127. Calculate the remainder when s(7) is divided by 72.
55
Let w = 2060 + -2051. What is the remainder when 341 is divided by w?
8
Let h(g) = -19*g - 16. Let q = 3 + 0. Suppose f - 1 = o, -o + 5*f = -22 + q. Calculate the remainder when h(o) is divided by 17.
13
Let y = -9806 + 9846. Let o(n) = n**3 + 3*n**2 - 2*n + 8. Let a be o(-4). Suppose a*j = -2*j + 12. Calculate the remainder when y is divided by j.
4
Let b(i) = 465*i**2 + 21*i - 21. Let j be b(1). Suppose -j*w + 472*w = 539. What is the remainder when 612 is divided by w?
73
Let j(d) = d**3 + 23*d**2 + 17*d + 2. Let k = 293 + -315. What is the remainder when j(k) is divided by 19?
17
What is the remainder when 1207 is divided by 1328/22 - 280/770?
7
What is the remainder when (-473550)/(-135) - (-34)/153 is divided by 9?
7
Let x(i) = 6*i**3 + i**2 - i + 2. Let m be x(1). Let v be m/(-10)*(10 - 20). Calculate the remainder when 39 is divided by (30/8)/(3/v).
9
Suppose -13 - 117 = -5*b. Let l be (-42)/(-8) - 1/4. Suppose 0 = -x + l*v + 97, 0 = -5*x + 3*v + 239 + 268. Calculate the remainder when x is divided by b.
24
Let d(h) = -h**3 - 6*h**2 - 3*h + 3. Suppose -69 = 15*y + 21. Calculate the remainder when ((-8)/(-3))/(2/60) is divided by d(y).
17
Let w(h) = h**3 - 5*h**2 + 2*h + 2. Suppose -5083 = -36*r + 1937. What is the remainder when r is divided by w(6)?
45
Suppose -y = 837 - 845. Let j(g) = 8*g**2 - 58*g + 2. Calculate the remainder when 147 is divided by j(y).
47
Calculate the remainder when 203 is divided by (-4 + 140/50)/(3/(-20)).
3
Let j = 2681 + -1599. Calculate the remainder when 307 is divided by (-10)/35 + j/14.
76
Let u(p) = 18*p**2 - 16*p - 14. Let a be u(4). Suppose -5*v + 6*v - 140 = -2*f, 3*f - 2*v - a = 0. What is the remainder when 88 is divided by f?
18
Let i(c) = -235*c - 4690. What is the remainder when 1283 is divided by i(-21)?
58
Let l(p) = 5*p**2 + 62*p + 53. Calculate the remainder when l(-17) is divided by 16.
12
Let v = 95 - 63. Let h = v - 162. Let j = 142 + h. Calculate the remainder when 131 is divided by j.
11
Suppose 5*h + 1632 + 770 = 4*s, 0 = 3*s + 4*h - 1817. Let o = s + -478. What is the remainder when o is divided by 35?
20
Suppose 95*h - 2859 - 1226 = 0. Calculate the remainder when h is divided by 8.
3
Suppose -3*c = -2*z - 15, 8*c - 3*c + z - 25 = 0. Suppose -18 = c*r - 8*r. Let f(l) = 2*l**2 - 28*l - 87. What is the remainder when f(-3) is divided by r?
3
Let b(g) = 12*g - 106. Let n be 0 + -3*(8 + -16). What is the remainder when b(n) is divided by 61?
60
Suppose -3*t - 3*l = -4322 - 5851, l = 2*t - 6779. Suppose -804 = -18*u + t. What is the remainder when u is divided by 47?
45
Suppose -5*h - 15 = -4*u, 0 = -12*h + 13*h - u + 4. What is the remainder when 303 is divided by 2/(h/(-57)*(-3)/2)?
75
Suppose 30*q = 2*w + 34*q - 612, 841 = 3*w - 5*q. Suppose -5*o - 24 + 269 = 0. What is the remainder when w is divided by o?
47
Suppose -p = -4*l + 82, -p = -0*l - 3*l + 61. What is the remainder when ((-258)/8)/(72/(-480)) - -14 is divided by l?
19
Let d(v) = 6*v**3 + 2*v**2 + v. Let s be d(-2). Let o = -29 - s. What is the remainder when (-6 - -8) + -5 - (-1)/((-4)/(-104)) is divided by o?
10
Suppose -7831 = -5*o - f, 3*f - 7*f = 3*o - 4702. Calculate the remainder when o is divided by 16.
14
Let p = -75 - -21. Let u(o)